vert 67 (base 16) to base 13.
7c
1213 (base 13) to base 7
10303
What is -873 (base 9) in base 14?
-390
What is 1222 (base 16) in base 13?
2161
What is -26530 (base 8) in base 7?
-45562
Convert 32275 (base 9) to base 12.
1044b
-15785 (base 11) to base 5
-1202421
What is -22110 (base 4) in base 9?
-813
-36346 (base 8) to base 16
-3ce6
Convert -110121101 (base 3) to base 4.
-2033212
What is 1447 (base 16) in base 12?
3007
-802 (base 11) to base 2
-1111001010
What is -13 (base 5) in base 13?
-8
What is -32222 (base 6) in base 13?
-200c
-12e (base 15) to base 12
-1a5
Convert -b864 (base 13) to base 4.
-12100001
-213 (base 13) to base 7
-1014
What is -112220112 (base 3) in base 4?
-2221310
-710 (base 9) to base 15
-286
What is -13040 (base 5) in base 9?
-1353
What is -1001133 (base 4) in base 3?
-12202020
1112112012 (base 3) to base 5
1432042
-1166 (base 7) to base 14
-236
Convert -200110 (base 3) to base 2.
-111110010
3188 (base 13) to base 12
3b88
What is 1165 (base 9) in base 10?
869
605 (base 12) to base 2
1101100101
What is 110000010 (base 2) in base 4?
12002
Convert 10806 (base 9) to base 13.
3390
Convert -7028 (base 10) to base 8.
-15564
-1645 (base 7) to base 15
-2ea
Convert -122212 (base 5) to base 16.
-124a
4b7 (base 16) to base 4
102313
What is 222120001 (base 3) in base 7?
110305
Convert 2121012 (base 3) to base 15.
865
Convert -2bc (base 16) to base 6.
-3124
Convert -628 (base 9) to base 7.
-1331
Convert 20434 (base 6) to base 14.
1010
1322021 (base 4) to base 2
1111010001001
What is -101101111011 (base 2) in base 9?
-4025
Convert 423354 (base 6) to base 8.
103266
-23024 (base 8) to base 9
-14331
Convert 106342 (base 7) to base 15.
5997
1103 (base 4) to base 11
76
Convert -1205 (base 6) to base 3.
-101212
-2220211110 (base 3) to base 16
-e07c
What is 993 (base 10) in base 8?
1741
What is -11010110111010 (base 2) in base 8?
-32672
What is -1343 (base 6) in base 12?
-253
466 (base 8) to base 16
136
What is 2b28 (base 12) in base 13?
2402
Convert 170765 (base 8) to base 4.
33013311
What is -61547 (base 8) in base 4?
-12031213
Convert -1059 (base 10) to base 14.
-559
Convert 14025 (base 6) to base 3.
2222122
Convert -4b2a (base 16) to base 7.
-110046
-39de (base 15) to base 4
-3001013
-12d5 (base 16) to base 10
-4821
Convert 334 (base 15) to base 5.
10344
1211122 (base 3) to base 11
1009
Convert -286a (base 11) to base 13.
-18c1
Convert 74102 (base 9) to base 6.
1014302
What is -2033432 (base 5) in base 10?
-33617
What is -1010201 (base 3) in base 16?
-33d
-411 (base 9) to base 7
-655
-10011111001101 (base 2) to base 5
-311224
What is -48271 (base 9) in base 16?
-7e2e
What is 11151 (base 7) in base 14?
1061
3621 (base 7) to base 13
7bc
Convert -2183 (base 10) to base 9.
-2885
Convert -1100 (base 3) to base 6.
-100
22424 (base 7) to base 8
13106
What is 662 (base 14) in base 2?
10011101110
Convert -f4f (base 16) to base 11.
-2a43
Convert -745 (base 14) to base 2.
-10110011001
-142312 (base 5) to base 10
-5957
-13312 (base 4) to base 5
-4002
What is 2707 (base 8) in base 12?
a33
-1b562 (base 12) to base 6
-511402
What is 530 (base 14) in base 6?
4422
5cb0 (base 16) to base 4
11302300
Convert 51a6 (base 11) to base 13.
31a2
-150 (base 11) to base 5
-1201
What is -2c9 (base 16) in base 8?
-1311
What is -229c (base 16) in base 2?
-10001010011100
Convert -1039 (base 15) to base 6.
-23513
Convert -20310 (base 5) to base 15.
-5da
2316 (base 8) to base 7
3405
Convert 12626 (base 9) to base 14.
3173
-103210 (base 4) to base 13
-754
What is 15606 (base 8) in base 5?
211141
Convert dc9 (base 16) to base 7.
13201
Convert -201021 (base 4) to base 3.
-2220120
-2301 (base 7) to base 15
-3a9
-13000 (base 4) to base 13
-286
-251 (base 8) to base 6
-441
What is 1110110010 (base 2) in base 7?
2521
What is 820 (base 13) in base 15?
61d
Convert 403314 (base 5) to base 3.
122202222
What is 6053 (base 8) in base 11?
2382
43310 (base 5) to base 9
4043
Convert 101121202 (base 3) to base 6.
55502
2845 (base 11) to base 7
13504
-22451 (base 6) to base 16
-c7f
Convert 422 (base 7) to base 14.
112
Convert -133 (base 6) to base 16.
-39
Convert 2b28 (base 13) to base 14.
2411
Convert 130 (base 14) to base 11.
1a7
-1112 (base 9) to base 4
-30311
What is 1228 (base 10) in base 11?
a17
-100111 (base 3) to base 16
-100
What is -122121 (base 3) in base 4?
-13123
What is 13454 (base 6) in base 3?
2220121
Convert -4b2a (base 12) to base 15.
-27da
What is 33a5 (base 12) in base 11?
434a
Convert 335535 (base 6) to base 3.
1110002112
What is -11101010210 (base 3) in base 15?
-1a7b9
What is 230141 (base 8) in base 13?
2960c
Convert 1102211 (base 4) to base 11.
3a75
Convert -81 (base 11) to base 5.
-324
Convert 2127 (base 14) to base 5.
140334
-52030 (base 7) to base 16
-31a8
Convert -3131 (base 9) to base 11.
-17a8
-5110 (base 12) to base 4
-2021130
What is 14799 (base 16) in base 2?
10100011110011001
Convert 26574 (base 9) to base 8.
43060
What is 393 (base 11) in base 12?
329
Convert 96c0 (base 13) to base 9.
31650
What is 50243 (base 7) in base 12?
7032
What is -1001201 (base 4) in base 12?
-2515
2343 (base 9) to base 14
8c4
What is 444543 (base 6) in base 16?
91ef
What is 14a8 (base 12) in base 9?
3302
18774 (base 9) to base 4
3023203
Convert -22500 (base 9) to base 2.
-11101010001001
What is -330 (base 5) in base 8?
-132
What is -6516 (base 10) in base 15?
-1de6
What is 951 (base 15) in base 6?
13421
Convert 726 (base 15) to base 3.
2012200
-101023 (base 4) to base 10
-1099
Convert 5103 (base 7) to base 3.
2102110
What is 2061 (base 8) in base 2?
10000110001
What is -111001101111000 (base 2) in base 11?
-20233
Convert 6d0 (base 14) to base 15.
608
2521 (base 6) to base 12
441
-43521 (base 9) to base 11
-1a752
Convert 966 (base 15) to base 10.
2121
-12310 (base 4) to base 7
-1162
Convert -30325 (base 6) to base 5.
-112023
Convert -1235 (base 6) to base 5.
-2221
Convert 21361 (base 7) to base 14.
1d31
-12cc (base 14) to base 7
-12445
What is -1300101 (base 4) in base 16?
-1c11
-179 (base 11) to base 15
-dc
Convert 1511 (base 6) to base 8.
623
-1021 (base 4) to base 13
-58
What is 1b3 (base 13) in base 3?
102200
What is -101133033 (base 4) in base 6?
-1311343
Convert 100000101001011 (base 2) to base 4.
10011023
Convert 743 (base 13) to base 6.
5422
-22223133 (base 4) to base 16
-aadf
-21f8 (base 16) to base 2
-10000111111000
What is -1c84 (base 13) in base 5?
-114313
-22022 (base 4) to base 13
-3b0
31118 (base 9) to base 12
ba52
What is -1010001011110 (base 2) in base 6?
-40050
Convert 1477 (base 9) to base 5.
13443
What is -2041042 (base 5) in base 6?
-420533
Convert 66c (base 14) to base 13.
76b
5139 (base 15) to base 11
11985
What is 2511 (base 6) in base 7?
1543
b2a (base 15) to base 3
10110011
Convert 664 (base 8) to base 12.
304
1010100110 (base 2) to base 15
303
Convert -505b (base 13) to base 4.
-2230311
Convert -62043 (base 7) to base 10.
-15123
-126756 (base 8) to base 4
-22313232
4188 (base 11) to base 8
12645
13121 (base 6) to base 12
11a1
Convert 18c8 (base 15) to base 16.
14f3
Convert 2111202 (base 3) to base 5.
24304
-64c6 (base 13) to base 2
-11011011000100
What is 1f0a (base 16) in base 7?
32111
What is 157 (base 10) in base 9?
184
-10225 (base 6) to base 14
-70d
Convert -2021101 (base 4) to base 13.
-3cca
What is -a661 (base 12) in base 11?
-12761
Convert -101020 (base 3) to base 5.
-2101
11888 (base 12) to base 13
aa48
What is 11110101001 (base 2) in base 5?
30321
331034 (base 7) to base 6
1124252
14160 (base 9) to base 7
40011
-11110011010 (base 2) to base 7
-5450
What is 1334 (base 5) in base 15?
e9
Convert 22156 (base 9) to base 16.
3978
Convert -110110110110001 (base 2) to base 9.
-42461
Convert 1b28 (base 14) to base 12.
2a34
What is 3029 (base 13) in base 7?
25214
Convert 153b (base 15) to base 7.
16166
What is 111001101111 (base 2) in base 9?
5055
2223 (base 6) to base 7
1341
What is -a3a7 (base 11) in base 9?
-20822
What is -39 (base 15) in base 16?
-36
Convert -415 (base 6) to base 5.
-1110
What is -5672 (base 11) in base 13?
-351b
1202c (base 15) to base 7
326253
Convert -148 (base 9) to base 10.
-125
1477 (base 13) to base 4
232123
1942 (base 11) to base 8
4642
Convert -1341 (base 16) to base 3.
-20202120
Convert -14223 (base 5) to base 12.
-830
